 - 0*m - 1, -5*m = w - g. Is w a composite number?
False
Is 69163/4 - 321/(-1284) a composite number?
False
Suppose 3*t + 1 = 40. Let v(z) = -114*z - 392. Let g be v(-7). Suppose 4*q - 615 = -5*j, 10*j + 5*q = t*j - g. Is j composite?
False
Suppose -4 = 2*a, 0 = 14*f - 19*f - 3*a + 191389. Is f a composite number?
True
Suppose -47902 = -20*p + 28136 + 23702. Is p a composite number?
False
Let g = -39 - -41. Suppose 2*m = l + 7*m - 176, l - g*m - 162 = 0. Suppose n - l = 541. Is n prime?
False
Is 1942370/22 - 504/924 a prime number?
True
Let g(z) = 577202*z**2 - 32*z + 49. Is g(1) composite?
False
Let u(d) = -9229*d**3 - 7*d**2 - 10*d. Let m be u(-2). Suppose -7*i + m = -58798. Is i a prime number?
False
Suppose 19*b = 12*b + 21. Suppose 0*o = 5*z + b*o - 2188, -1314 = -3*z - 3*o. Is z a prime number?
False
Let o be 8*(-6)/(-24) - 8/2. Let p(m) = -5*m + 3. Let j be p(o). Suppose -j*l + 30344 = -5*l. Is l composite?
False
Suppose -7*g - 10824 = -10*g - 4*y, 0 = 5*g + 4*y - 18048. Suppose -3*n - 7189 = -4*p, g = 2*p - 5*n + 7*n. Is p a prime number?
True
Suppose 11*h - 2790662 + 610143 = 0. Is h a composite number?
True
Is (-3)/6 + -1 - (-1204847)/14 prime?
False
Suppose 66*s = 54*s + 52728. Is s - (8 + (-6)/6) a prime number?
False
Let a be (1 + 1)*6/3. Suppose 7*j = a*j. Suppose j = -2*i + 5*t + 129 + 249, -2*t = 5*i - 974. Is i composite?
True
Is (-6353528)/(-16) + ((-660)/8)/33 a prime number?
True
Suppose -72675 = 19*y - 24*y. Suppose -l - 2*d = -3*d - 4849, 3*l - y = -3*d. Is l a composite number?
True
Suppose -84*f - 333525 + 10297040 = -3925297. Is f a composite number?
False
Suppose 0 = -h - 1, -4*h = 4*c - 0*h. Let d = -246 - -243. Is c/d*12706*12/(-8) a prime number?
True
Let d be 23/((-115)/(-176670)) + 1 + -3. Suppose 31*u - 48523 = d. Is u prime?
False
Let z(d) = 2*d**3 - 12*d**2 - 23*d + 40. Let t = 147 + -136. Is z(t) prime?
True
Let j(r) = -3*r**3 - 11*r**2 - 5*r + 5. Let p = 47 + -39. Suppose 5*i = 4*y + 21, -4*y + 3*i + 45 = -p*y. Is j(y) a prime number?
False
Let i(k) = 2*k**2 + 6*k + 225. Let b be i(-11). Let m be ((-3)/(-1))/1 - 1. Suppose 1229 = m*n - b. Is n prime?
False
Let i(w) = -w**2 + 8*w - 15. Let y be i(7). Let x be 2/(-4) + (-12)/y. Let z(m) = 2101*m - 2. Is z(x) a composite number?
False
Suppose 118*w - 55017448 + 6518059 = 2594965. Is w prime?
True
Suppose -380237 + 2345681 = 30*o - 2749866. Is o a prime number?
True
Let x = -26 - -32. Let v be x/8 + (-154)/(-8). Suppose 4*u + 22 - 76 = -f, v = 2*u - 3*f. Is u a prime number?
True
Let c = -2210 - 422. Let n = -1493 - c. Is n composite?
True
Let l be -3*(6/15 + (-159116)/15). Suppose 71*w - 73*w = -l. Is w a composite number?
True
Suppose -2*w - 4*n = -2*n - 2, 5*w - 8 = -2*n. Suppose 0 = -8*a + 3*a - 4*j + 21347, 5*j + 8552 = w*a. Is a prime?
True
Let n = 9960 + -747. Suppose -30 = -4*a + z, -2*a = -5*z - 7 - 17. Suppose 0 = a*g - 10*g + n. Is g composite?
True
Suppose 4*o = 4, 9*j = 4*j - o + 26. Suppose -3*h + 0*h = -12, -j*z = -3*h - 3693. Suppose 4*m + 3155 = 5*f, -z = -3*f - 2*m + 1152. Is f a prime number?
True
Suppose 277439 = 2*b - 5*i, 23*b - 20*b = -4*i + 416193. Is b composite?
False
Let j(m) = 868*m**3 - m**2 + 8*m - 9. Is j(2) a composite number?
False
Let z(g) = -1282*g + 15. Let d = 109 + -111. Is z(d) a prime number?
True
Let p = 404212 + 133335. Is p prime?
True
Suppose -17*h + 51 = -0*h. Suppose -4*y + 11710 = -s, -6*y + 2*y + 11702 = h*s. Is y prime?
True
Let q = 463 + -73. Let s = 851 + q. Is s a prime number?
False
Let q(j) = 485*j**2 - 33*j + 87. Suppose k - 4*r - 10 = -6*r, -3*k + 2*r + 22 = 0. Is q(k) a prime number?
False
Let h = -379823 + 557562. Is h a composite number?
False
Suppose -4*a = 3*n - 514471, 0 = -3*n - 2*a + 88796 + 425667. Is n composite?
True
Suppose 9439956 = 33*a - 14412675. Is a a composite number?
False
Let d(y) be the third derivative of 12*y**2 + 0 - 1/24*y**4 + 1/6*y**5 + 0*y + 4*y**3. Is d(-7) a prime number?
True
Let t(j) be the second derivative of -j**4/12 - 5*j**3/6 + 15*j. Let v be t(-4). Suppose 5*x - 25 = 0, -3*l - 737 = -6*l - v*x. Is l a prime number?
True
Let b(f) = -f**3 + 7*f**2 + 16*f + 8. Let z be b(9). Is (-2)/z - 257952/(-40) a composite number?
False
Suppose 0 = 11*m - 10*m + 5*q - 743, -4*q = -m + 752. Is ((-69)/(-6))/(22/m) a composite number?
True
Let x(o) = 11491*o + 8. Is x(15) prime?
True
Suppose 0 = -2*p - 2*q + 71957 + 40693, -168927 = -3*p + 5*q. Is p prime?
False
Suppose 52*n + 11*n = -33*n + 13348128. Is n composite?
True
Let u = -50621 - -97680. Is u prime?
True
Let t(o) = 2*o**3 + 3*o**2 - o + 396413. Is t(0) composite?
False
Let l = -8952 + 18919. Is l composite?
False
Let j be (-21)/14 - (-7)/(-2). Let h(m) = 2*m + 17. Let g be h(j). Let x = g + 858. Is x prime?
False
Let b = 91 + 111. Suppose -f + 3*h + 2*h = -b, 0 = f + h - 202. Is f a prime number?
False
Suppose -4*l = 21 - 53. Suppose w + l = 5*w. Suppose b - w*h - 379 = -7*h, 5*b - 2*h = 1787. Is b prime?
True
Let k(n) = 224*n**2 - 46*n - 531. Is k(21) prime?
False
Let o = 33216 + -8210. Is o a prime number?
False
Let x = 45 + -40. Suppose 0 = u, -x*f - 9117 + 128902 = -4*u. Is f a prime number?
True
Suppose -5*u - 1 = -3*p - 9, -4*u - 4 = -5*p. Suppose -5*x = 8*n - 4*n - p, 3 = x + 3*n. Is (5533*(-6 - -5))/(-1 - x) a composite number?
True
Let g(u) = -58648*u + 18455. Is g(-6) a composite number?
True
Suppose 0*s = -20*s + 120. Is ((-2)/((-18)/10299))/(2/s) prime?
True
Suppose b = 2, 4*b = 3*u + 1 + 10. Let y(o) be the first derivative of -2651*o**4/2 - 3*o**2/2 - 2*o + 31. Is y(u) prime?
True
Suppose -5*b + 10*b = 5*g, 0 = -4*b - g + 20. Suppose -3*l = -11*f + 12*f - 9144, -4*l + b*f = -12176. Is l a prime number?
False
Let k(c) = 742*c + 55. Let p(z) = 372*z + 27. Let o(r) = 2*k(r) - 5*p(r). Is o(-6) composite?
True
Let t = 9 - -78. Suppose 5*k = -t + 22. Let h(r) = -159*r - 16. Is h(k) a prime number?
False
Let t(k) = -3*k**3 + 22*k**2 + 37*k + 6. Let g be t(19). Is ((-94)/188)/(1/g) a composite number?
True
Let f(a) = -10*a - 45. Suppose 3*s + 5 = -2*h, h + 10 = 3*s - 6*s. Let o be f(s). Suppose -5*l + 4381 = -2*t, -2*l - o*t = -111 - 1653. Is l composite?
False
Suppose 0 = -2*f - 4, 45*r - 49*r - 3*f + 761654 = 0. Is r composite?
True
Suppose 0 = -3*i - 0*i + 26859. Suppose 5*q + 3*u = i, 3594 = 2*q - 7*u + 5*u. Is q prime?
False
Is 175223/7 + (-828)/966 composite?
False
Let u = -2 - -17. Let t = 17 - u. Suppose -t*w = -5*l + 204 + 535, -3*w - 438 = -3*l. Is l composite?
False
Let p(l) = l**3 - 14*l**2 - 15*l + 5. Let k = -17 + 32. Let j be p(k). Is 731 + (-15)/j - -5 composite?
False
Let g(b) = 49*b - 195. Let s be g(4). Is 3/(15/62456) + s/(-5) a composite number?
False
Is ((-35595)/1 + (-1 - 3))*1/(-1) prime?
False
Is 47459/((-11)/11)*-1 a composite number?
False
Let n(w) = 20*w - 86. Let f be n(5). Suppose -62397 = -f*c + 106037. Is c a composite number?
True
Let f = 110 - 116. Is -447*(-2)/f*(0 + -1) prime?
True
Let b(f) = -13*f**2 + 8*f + 146018. Is b(0) prime?
False
Suppose -20*a + 127 = 127. Let z(t) = 22*t**3 + 5*t**2 - 5*t + 3. Let w be z(3). Suppose -w = -l - a*l + h, -l + 651 = 5*h. Is l a composite number?
False
Let d be (-5100)/(-26) - (-5 - (-201)/39). Suppose 269 = 3*o - d. Suppose -a + o = 2*v, -5*v + 239 + 145 = -a. Is v a composite number?
True
Is 10 - (-62)/(-6) - (-351512)/6 a prime number?
False
Is 4/(4/(-7)) + 116491 + -1 composite?
False
Suppose 2*t + 4*q + 10 = 8*q, -2*t - q = 15. Let c(y) = 336*y**2 - 6*y - 93. Is c(t) prime?
False
Is (-5305992)/420*-7 + (-42)/10 + 4 composite?
True
Let h be -1204*(0 + (240/14)/(-1)). Let j = 37173 - h. Suppose 0*s = 9*s - j. Is s composite?
True
Suppose -212482 = -4*v - 5*n, 0 = -2*v - 2*n + 123145 - 16907. Is v a prime number?
True
Let z(a) = 78*a + 24. Suppose -3*r = 7 + 17. Let i be z(r). Let n = 1229 - i. Is n composite?
True
Is 70542225/525 + 7/((-196)/(-24)) a composite number?
True
Is (-7 + (-2812896)/90)/((-1)/35) a composite number?
True
Let b(n) = n**3 - 7*n**2 - 16*n + 15. Let v be b(9). Suppose -v*x = -7*x - 36686. Is x prime?
False
Suppose -3*f + 1 = -l - 15, -2*f = -4*l - 24. Suppose 53*c - 51*c - f = 0. Suppose c*k = 331 + 423. Is k composite?
True
Let s be ((-10)/20)/(1/(-4)). Suppose 0 = 5*t - 7*w + 3*w + 46, 4*w - 28 = s*t. Is (1/(-1) - 47